{"id":27,"date":"2014-11-25T07:49:07","date_gmt":"2014-11-25T07:49:07","guid":{"rendered":"https:\/\/www2.gsid.nagoya-u.ac.jp\/blog\/isamuokada\/?page_id=27"},"modified":"2014-11-26T06:58:53","modified_gmt":"2014-11-26T06:58:53","slug":"pagina-en-espanol","status":"publish","type":"page","link":"https:\/\/www2.gsid.nagoya-u.ac.jp\/blog\/isamuokada\/pagina-en-espanol\/","title":{"rendered":"Pagina en espa\u00f1ol"},"content":{"rendered":"<p><strong>CONTACTO<\/strong><\/p>\n<p>isamuokada@gsid.nagoya-u.ac.jp<\/p>\n<p><strong>ESTUDIOS SUPERIORES<\/strong><\/p>\n<ul>\n<li><strong>Abril 2000 \u2013 Marzo 2004,\u00a0<\/strong>Licenciado en Derecho, Facultad de Derecho, Universidad de Kyoto<\/li>\n<li><strong>Abril 2005 \u2013 Marzo 2007,\u00a0<\/strong>Maestr\u00eda en Ciencias Pol\u00edtica,\u00a0Posgrado de Humanidad y Ciencias Sociales, Universidad de Tsukuba<\/li>\n<li><strong>Abril 2007 \u2013 Marzo 2010,\u00a0<\/strong>Doctorado en Ciencias Pol\u00edticas,\u00a0Posgrado de Humanidad y Ciencias Sociales, Universidad de Tsukuba<\/li>\n<\/ul>\n<p><strong>CARRERA PROFESIONAL<\/strong><\/p>\n<ul>\n<li><strong>Abril 2007 \u2013 Marzo 2010,\u00a0<\/strong>Seleccionado Investigador Especial de la Sociedad Japonesa por la Promoci\u00f3n de Ciencia (JSPS)<\/li>\n<li><strong>Abril 2010 \u2013 Septiembre 2010,\u00a0<\/strong>Designado Investidador Doctoral en la Universidad de Tsukuba<\/li>\n<li><strong>Octubre 2010 \u2013 Octubre 2012,\u00a0<\/strong>Designado Investigador\/Asesor de la Embajada del Jap\u00f3n en Bolivia<\/li>\n<li><strong>Noviembre 2012\uff0dMarzo 2013,\u00a0<\/strong>Seleccionado Investigador Especial de la Universidad de Tsukuba<\/li>\n<li><strong>Abril 2013\uff0dMarzo 2016,\u00a0<\/strong>Seleccionado Investigador Especial Posdoctoral de la Sociedad Japonesa por la Promoci\u00f3n de Ciencia (JSPS)<\/li>\n<\/ul>\n<p><strong>TRABAJOS (en castellano)<\/strong><\/p>\n<ul>\n<li>2012, \u201cConflictos recientes de recursos naturales y dinam\u00edsmos intr\u00ednsecos en Per\u00fa y Bolivia.\u201d <em>Decursos 26<\/em>. Cochabamba: CESU-UMSS<\/li>\n<\/ul>\n<p><strong>TRABAJOS (en japon<\/strong><strong>\u00e9<\/strong><strong>s)<\/strong><\/p>\n<ul>\n<li>2010, Pol\u00edtica ind\u00edgena y democracia: an\u00e1lisis comparativo de los movimientos ind\u00edgenas en Per\u00fa y Bolivia, disertaci\u00f3n doctorado, Universidad de Tsukuba<\/li>\n<\/ul>\n<p>&nbsp;<\/p>\n<ul>\n<li>2014, &#8220;Desarrollo de recursos naturales y protesta en Am\u00e9rica Latin: an\u00e1lisis de regresi\u00f3n log\u00edstica en multi-nivel con el dato de LAPOP&#8221; en Naokatsu Uetani ed. <em>Participaci\u00f3n pol\u00edtica en Am\u00e9rica Latina en la &#8220;\u00e9poca posneoliberal&#8221;<\/em>, Chiba: IDE-JETRO, pp.179-207<\/li>\n<li>2013, \u201cLos actores y el proceso pol\u00edtico en la miner\u00eda boliviana bajo el gobierno de Evo Morales: la relaci\u00f3n entre los grupos de inter\u00e9s influyentes y el gobierno\u201d <em>Estudio Iberoamericano<\/em> no.35 vol.1, Instituto Iberoamericano, Universidad Sof\u00eda<\/li>\n<li>2013, \u201cLa inestabilidad en el proceso politico en Bolivia: la dificultad en la pol\u00edtica econ\u00f3mica bajo Evo Morales\u201d <em>Latin America Report<\/em> no.30 vol.1, JETRO-IDE<\/li>\n<li>2012, \u201cProceso pol\u00edtico en Bolivia 2012: el caso de conflictos sobre TIPNIS\u201d <em>Latin America Report<\/em> no.29 vol.1, JETRO-IDE<\/li>\n<li>2011, \u201cLa pol\u00edtica econ\u00f3mica de Bolivia despu\u00e9s de \u201cgazolinazo\u201d\u201d <em>Latin America Jihou <\/em>no.1396<\/li>\n<li>2010, \u201cDe la protesta al dialogo institucional: el <em>baguazo<\/em> y el proceso dificultoso de la inclusi\u00f3n ind\u00edgena en el Per\u00fa\u201d <em>Latin America Report<\/em> no.27 vol.2, JETRO-IDE<\/li>\n<li>2009, \u201cDesarrollo de recursos naturales y conflictos sociales en el Per\u00fa: el caso del <em>paro amaz\u00f3nico,\u201d<\/em> <em>Latin America Report<\/em> no.25 vol.1, JETRO-IDE<\/li>\n<li>2009, \u201cMovimientos ind\u00edgenas en los pa\u00edses andinos: an\u00e1lisis comparativo del proceso de organizaci\u00f3n a travez de identidad,\u201d en Yusuke Murakami y Shigeo Ososnoi eds. <em>Cambio pol\u00edtico actual en los pa\u00edses andinos: busqueda de la gobernabilidad<\/em>, Tokyo: Akashishoten, pp.137-160.<\/li>\n<\/ul>\n<p>&nbsp;<\/p>\n","protected":false},"excerpt":{"rendered":"<p>CONTACTO isamuokada@gsid.nagoya-u.ac.jp ESTUDIOS SUPERIORES Abril 2000 \u2013 Marzo 2004,\u00a0Licenciado en Derecho, Facultad de Derecho, Universidad de Kyoto Abril 2005 \u2013 Marzo 2007,\u00a0Maestr\u00eda en Ciencias Pol\u00edtica,\u00a0Posgrado de Humanidad y Ciencias Sociales, Universidad de Tsukuba Abril 2007 \u2013 Marzo 2010,\u00a0Doctorado en Ciencias Pol\u00edticas,\u00a0Posgrado de Humanidad y Ciencias Sociales, Universidad de Tsukuba CARRERA PROFESIONAL Abril 2007 \u2013 Marzo 2010,\u00a0Seleccionado Investigador Especial de la Sociedad Japonesa por la Promoci\u00f3n de Ciencia (JSPS) Abril 2010 \u2013 Septiembre 2010,\u00a0Designado Investidador Doctoral en la Universidad de Tsukuba Octubre 2010 \u2013 Octubre 2012,\u00a0Designado Investigador\/Asesor de la Embajada del Jap\u00f3n en Bolivia Noviembre 2012\uff0dMarzo 2013,\u00a0Seleccionado Investigador Especial de la Universidad de Tsukuba Abril 2013\uff0dMarzo 2016,\u00a0Seleccionado Investigador Especial Posdoctoral de &hellip; <a href=\"https:\/\/www2.gsid.nagoya-u.ac.jp\/blog\/isamuokada\/pagina-en-espanol\/\">Continue reading <span class=\"meta-nav\">&rarr;<\/span><\/a><\/p>\n","protected":false},"author":1009,"featured_media":0,"parent":0,"menu_order":5,"comment_status":"open","ping_status":"open","template":"","meta":{"footnotes":""},"class_list":["post-27","page","type-page","status-publish","hentry"],"_links":{"self":[{"href":"https:\/\/www2.gsid.nagoya-u.ac.jp\/blog\/isamuokada\/wp-json\/wp\/v2\/pages\/27","targetHints":{"allow":["GET"]}}],"collection":[{"href":"https:\/\/www2.gsid.nagoya-u.ac.jp\/blog\/isamuokada\/wp-json\/wp\/v2\/pages"}],"about":[{"href":"https:\/\/www2.gsid.nagoya-u.ac.jp\/blog\/isamuokada\/wp-json\/wp\/v2\/types\/page"}],"author":[{"embeddable":true,"href":"https:\/\/www2.gsid.nagoya-u.ac.jp\/blog\/isamuokada\/wp-json\/wp\/v2\/users\/1009"}],"replies":[{"embeddable":true,"href":"https:\/\/www2.gsid.nagoya-u.ac.jp\/blog\/isamuokada\/wp-json\/wp\/v2\/comments?post=27"}],"version-history":[{"count":4,"href":"https:\/\/www2.gsid.nagoya-u.ac.jp\/blog\/isamuokada\/wp-json\/wp\/v2\/pages\/27\/revisions"}],"predecessor-version":[{"id":45,"href":"https:\/\/www2.gsid.nagoya-u.ac.jp\/blog\/isamuokada\/wp-json\/wp\/v2\/pages\/27\/revisions\/45"}],"wp:attachment":[{"href":"https:\/\/www2.gsid.nagoya-u.ac.jp\/blog\/isamuokada\/wp-json\/wp\/v2\/media?parent=27"}],"curies":[{"name":"wp","href":"https:\/\/api.w.org\/{rel}","templated":true}]}}